mon factor of 1528 and 5157?
191
Calculate the highest common divisor of 568 and 664.
8
Calculate the highest common divisor of 1519 and 31.
31
Calculate the greatest common divisor of 69 and 3.
3
Calculate the greatest common divisor of 13769 and 245.
49
Calculate the greatest common factor of 371 and 2332.
53
What is the highest common divisor of 120 and 48?
24
Calculate the greatest common divisor of 54720 and 30.
30
What is the greatest common factor of 60 and 84?
12
What is the greatest common factor of 40 and 24?
8
What is the highest common divisor of 570 and 342?
114
What is the highest common divisor of 30 and 75?
15
Calculate the greatest common divisor of 8 and 28.
4
What is the highest common factor of 84 and 9492?
84
What is the greatest common divisor of 187 and 2?
1
What is the highest common divisor of 624 and 1404?
156
Calculate the highest common factor of 288 and 5832.
72
What is the highest common divisor of 56 and 224?
56
Calculate the greatest common factor of 10 and 230.
10
Calculate the highest common divisor of 66 and 7458.
66
Calculate the greatest common factor of 109 and 327.
109
Calculate the highest common divisor of 1546 and 1.
1
What is the highest common divisor of 350 and 385?
35
Calculate the greatest common factor of 280 and 55.
5
What is the greatest common factor of 45 and 795?
15
Calculate the highest common factor of 35 and 21.
7
What is the greatest common divisor of 252 and 396?
36
What is the greatest common divisor of 3135 and 60?
15
Calculate the highest common divisor of 560 and 35.
35
Calculate the highest common divisor of 198 and 627.
33
Calculate the greatest common factor of 979 and 352.
11
Calculate the highest common divisor of 585 and 65.
65
Calculate the greatest common divisor of 16 and 36.
4
What is the highest common factor of 13 and 65?
13
Calculate the highest common divisor of 63 and 927.
9
What is the highest common factor of 960 and 90?
30
Calculate the greatest common factor of 414 and 414.
414
Calculate the greatest common divisor of 35 and 21.
7
What is the greatest common factor of 27257 and 97?
97
Calculate the highest common divisor of 70829 and 47.
47
Calculate the highest common factor of 1957 and 19.
19
Calculate the greatest common factor of 1 and 76.
1
What is the greatest common divisor of 11 and 22891?
11
What is the greatest common factor of 12051 and 351?
117
What is the highest common factor of 7 and 371?
7
Calculate the highest common divisor of 3029 and 78.
13
Calculate the highest common divisor of 150 and 114.
6
What is the greatest common factor of 19014 and 12?
6
Calculate the greatest common factor of 948 and 9.
3
Calculate the greatest common divisor of 24 and 248.
8
Calculate the greatest common divisor of 440 and 640.
40
Calculate the highest common factor of 1922 and 496.
62
What is the highest common factor of 6 and 51?
3
Calculate the greatest common factor of 35 and 455.
35
What is the greatest common factor of 23 and 14881?
23
Calculate the greatest common factor of 41 and 1107.
41
What is the highest common divisor of 238 and 1309?
119
What is the highest common factor of 840 and 98?
14
Calculate the highest common divisor of 9 and 747.
9
Calculate the greatest common factor of 78 and 312.
78
Calculate the highest common divisor of 1887 and 333.
111
What is the greatest common divisor of 130 and 110?
10
Calculate the highest common divisor of 57 and 12027.
57
Calculate the highest common factor of 10023 and 52.
13
Calculate the highest common divisor of 288 and 64.
32
Calculate the highest common divisor of 15 and 13155.
15
Calculate the highest common factor of 9991 and 721.
103
What is the highest common factor of 176 and 64?
16
What is the greatest common divisor of 432 and 192?
48
What is the greatest common divisor of 4320 and 30?
30
What is the greatest common factor of 57 and 5985?
57
Calculate the greatest common factor of 420 and 126.
42
Calculate the greatest common factor of 525 and 225.
75
Calculate the greatest common divisor of 6125 and 49.
49
Calculate the greatest common divisor of 81 and 711.
9
What is the greatest common factor of 1980 and 1080?
180
What is the greatest common divisor of 371 and 469?
7
Calculate the highest common factor of 882 and 252.
126
What is the greatest common factor of 1848 and 209?
11
Calculate the highest common factor of 5 and 38.
1
What is the highest common factor of 2 and 49?
1
What is the greatest common divisor of 94 and 1598?
94
Calculate the greatest common factor of 81 and 25299.
27
Calculate the highest common factor of 702 and 1674.
54
What is the highest common divisor of 49241 and 41?
41
Calculate the greatest common divisor of 15 and 135.
15
Calculate the highest common factor of 42 and 2177.
7
Calculate the greatest common divisor of 52 and 65.
13
What is the greatest common divisor of 210 and 3360?
210
What is the highest common factor of 2314 and 403?
13
Calculate the highest common divisor of 1390 and 278.
278
Calculate the greatest common divisor of 55 and 44.
11
What is the greatest common divisor of 34 and 799?
17
Calculate the greatest common factor of 52 and 689.
13
What is the highest common factor of 11 and 97?
1
What is the highest common factor of 3564 and 18?
18
What is the highest common divisor of 999 and 54?
27
What is the highest common divisor of 384 and 672?
96
What is the greatest common factor of 30 and 960?
30
Calculate the highest common divisor of 4904 and 32.
8
Calculate the greatest common divisor of 70912 and 277.
277
What is the highest common divisor of 48 and 400?
16
What is the highest common factor of 18 and 144?
18
Calculate the highest common factor of 234 and 5031.
117
Calculate the highest common divisor of 1725 and 207.
69
What is the highest common divisor of 15 and 60?
15
What is the greatest common divisor of 8 and 5?
1
Calculate the greatest common factor of 6 and 1662.
6
What is the highest common factor of 143 and 377?
13
What is the greatest common factor of 195 and 468?
39
What is the greatest common divisor of 378 and 245?
7
What is the highest common divisor of 2059 and 116?
29
Calculate the highest common factor of 276 and 36.
12
What is the greatest common divisor of 13281 and 399?
57
Calculate the highest common divisor of 33 and 33.
33
What is the highest common factor of 432 and 1236?
12
What is the highest common factor of 1392 and 6?
6
Calculate the highest common factor of 6480 and 160.
80
Calculate the highest common factor of 80 and 752.
16
Calculate the highest common divisor of 42 and 1218.
42
Calculate the highest common divisor of 34 and 8262.
34
What is the highest common factor of 46 and 851?
23
What is the greatest common factor of 850 and 15?
5
Calculate the highest common divisor of 84 and 231.
21
Calculate the highest common factor of 40 and 820.
20
Calculate the highest common factor of 71 and 6887.
71
What is the highest common divisor of 24 and 2568?
24
What is the greatest common factor of 611 and 13?
13
Calculate the greatest common factor of 310 and 20.
10
What is the highest common factor of 48 and 160?
16
Calculate the highest common factor of 37 and 259.
37
What is the highest common factor of 319 and 348?
29
What is the greatest common divisor of 53 and 4664?
53
What is the greatest common divisor of 177 and 10561?
59
What is the highest common divisor of 3192 and 56?
56
What is the greatest common factor of 7701 and 102?
51
What is the greatest common divisor of 11780 and 248?
124
What is the highest common factor of 19491 and 365?
73
Calculate the greatest common divisor of 133 and 2527.
133
What is the greatest common divisor of 625 and 1525?
25
What is the greatest common factor of 81 and 6?
3
Calculate the highest common divisor of 378 and 42.
42
Calculate the highest common divisor of 24 and 8412.
12
Calculate the greatest common factor of 247 and 114.
19
Calculate the greatest common divisor of 104 and 728.
104
What is the greatest common factor of 424 and 8?
8
Calculate the greatest common divisor of 666 and 18.
18
Calculate the highest common factor of 18 and 291.
3
What is the highest common divisor of 102 and 357?
51
What is the highest common divisor of 99 and 1485?
99
What is the highest common di